 = 5*w + 9. Determine l(w).
0
Let k(q) be the first derivative of q**4/4 + 7*q**3/3 + 4*q**2 + 4*q + 6. Give k(-6).
-8
Suppose -2*y + 1 = -3. Let x(b) = 0*b**2 + 2 - b**y - b + 2*b. Give x(3).
-4
Let i(r) = r**2 + 4*r + 4. Suppose 0 = -o - 0*o + 3*h + 10, 5*o - 3*h + 10 = 0. What is i(o)?
9
Let j(d) = d + 2. Let f be j(-2). Let c(r) = 2*r - 1. Let h(b) = b. Let n(p) = 2*c(p) - 5*h(p). Give n(f).
-2
Let x(y) = -3*y**3 + 2*y**2 - 2*y + 1. Let k(f) = -4*f**3 + 3*f**2 - 2*f + 2. Let d = 15 - 8. Suppose d = -5*a - 3. Let n(p) = a*k(p) + 3*x(p). What is n(-2)?
11
Suppose 4*b = -5*q + 1, -b + 0*b - q = 1. Let h(m) = -m**3 - 7*m**2 - 6*m + 1. Give h(b).
1
Let s(m) = -m**3 + m**2 + 1. Let u(i) = -5*i**3 - 1. Let c(o) = -s(o) - u(o). What is c(1)?
5
Let a(y) = -y + 2 - 3 + 7. Let m be a(4). Let s(v) be the first derivative of -2*v**3/3 - v + 1. Give s(m).
-9
Let l(j) = -1 + j - 2 - 6. Let a(s) = -5*s - 1. Let w be a(-1). What is l(w)?
-5
Let c = 11 + -9. Suppose c*b - m = -8, -7*b - 18 = -2*b - 2*m. Let i(d) = -2*d**3 - 3*d**2 - 2*d - 1. Calculate i(b).
7
Let d(p) = p**2 - p + 2. Let k be d(-2). Let o(n) = -11*n**3 - 4*n**2 + 5*n - 1. Let w(r) = -4*r**3 - r**2 + 2*r. Let i(l) = k*w(l) - 3*o(l). What is i(-4)?
-1
Let q(p) be the second derivative of p**6/360 - p**5/24 + p**4/12 + p**3/6 - 2*p. Let d(r) be the second derivative of q(r). Calculate d(5).
2
Let d(r) = 2*r**2 + 5*r + 2. Suppose 2*w = 11 - 19. Calculate d(w).
14
Let d(j) = j**3 - 6*j**2 + 4. Let x(m) = -7*m**2 + 4. Let b(f) = 4*d(f) - 3*x(f). Let g(n) = n**3 - n**2 + n + 1. Let a(r) = b(r) - 3*g(r). Give a(2).
3
Suppose -8*j + 3 = -5*j. Let q(m) = -4*m**2 + m - 2*m**2 - m**2. What is q(j)?
-6
Let o(d) = d + 2. Let n = -6 + 10. Calculate o(n).
6
Let n(c) = -2*c - 2. Suppose 107 = 4*a + 23. Let u be a/(-7) - (2 + 0). Determine n(u).
8
Let z(w) = w**3 - w**2 - 2*w + 1. Let r = -105 + 102. Determine z(r).
-29
Let g(w) = -5*w - 3. Suppose -5*q - 9 = -2*q. Give g(q).
12
Let f(k) = -2 - 2*k + 0*k + 5*k**2 - 4*k**2. Give f(4).
6
Let a be 1 + 1 - 0/(-1). Let t(k) be the second derivative of 3/2*k**a - 1/6*k**4 + 0 + 2*k + 1/3*k**3. Give t(3).
-9
Let v(a) be the second derivative of 5*a + 1/6*a**3 + 1/5*a**5 + 0 + 1/12*a**4 - 1/2*a**2. Calculate v(1).
5
Let v(n) be the second derivative of -n**4/2 - n**3/3 + n**2/2 + 3*n. Give v(1).
-7
Let y(l) = 2*l**3 - 2*l**2 - 2*l. Let o(r) = r**2 - r + 8. Let q be o(0). Suppose 0 = -q*w + 4*w - 56. Let a be 4/w + 80/35. Determine y(a).
4
Let h(a) = 7*a**2 + a**3 + 3*a + 0*a - 4 + 9*a - 6*a. What is h(-6)?
-4
Let p(q) = -q**3 + q**2 - q + 8. Let k be (-2)/(-3) + (-57)/(-9). Let x = -7 + k. Determine p(x).
8
Let r = -4 + 9. Suppose -5*b = 3*j + r, -4*j - 4*b = -3*j + 4. Let o(s) = 3 - 2 - 3 + s**2. Give o(j).
-2
Suppose 0 = 2*o - 4*o. Let m(d) be the first derivative of d**5/20 + 3*d**2/2 - d - 1. Let u(w) be the first derivative of m(w). Give u(o).
3
Let c be 28/5 + 8/20. Let d(p) = -4*p + p**2 + 3*p + 5*p - 2*p**2 + 8. Determine d(c).
-4
Suppose -5*s = 4*y - 15, 2*y - 2*s = -3*y - 6. Suppose -3*a + 5 = -5*j + a, -3*j + 4*a + 5 = y. Let n(i) = i**3 + 1 + 1 + i + 5*i**2 + 0*i**3. Calculate n(j).
-3
Let b = 10 - 6. Suppose 3*c = 4*s + 17, -b*s + 2*s + 4*c - 16 = 0. Let v(g) = 0 + 3*g + 3*g**2 + 4 - 3 + 0*g. Give v(s).
7
Let j = -5 + 8. Suppose 5*y = -3*g + 2 + 2, 0 = -j*g + 5*y + 14. Let l(t) = t**2 - 5*t - 3. Calculate l(g).
-9
Let z = -6 - -2. Let g(s) = 31*s**2 - s - 1. Let k be g(-1). Let m(i) = 2*i**3 - i**3 + 3*i**2 - 4*i - 30 + k. Give m(z).
1
Let m(z) = -3*z - 1. Let s(u) = -12*u - 4. Let r(a) = 9*m(a) - 2*s(a). What is r(6)?
-19
Let s be 9/18 + (-6)/(-4). Let u(k) = -1 - 3*k**2 + k**2 - s + 4 + 4*k**3. Calculate u(1).
3
Let b(o) = o**3 + 5*o**2 - 2*o + 1. Let f = 1 - 0. Let h(x) = -f + x - x**3 + 0*x + 0*x + x**2 - 6*x**2. Let d(p) = -5*b(p) - 4*h(p). Determine d(-6).
-1
Let u(z) = 8 + 0 + 6*z - 4 - 5. What is u(1)?
5
Let t(w) be the second derivative of w**3/6 + 5*w**2/2 + 2*w. Let j be (0/3)/(1/1). Suppose -4*n + 2*n = j. Determine t(n).
5
Let d(f) be the second derivative of f**2 - 1/3*f**3 + 3*f + 0. Let n(y) = -y**2 - 4*y + 5. Let o be n(-4). Determine d(o).
-8
Let z(r) = -r. Suppose 0 = m + 2*h - 3*h - 3, -3*m + 9 = -5*h. Suppose 0 = 2*n - 5*n - m. Give z(n).
1
Let x(j) be the first derivative of -j**6/120 - 2*j**3/3 + j**2/2 - 3. Let b(z) be the second derivative of x(z). What is b(0)?
-4
Let l(b) be the third derivative of b**5/60 - b**4/3 + 5*b**3/6 + 2*b**2. Calculate l(5).
-10
Let x(r) = r**3 + 8*r**2 - 8*r + 8. Suppose -4*l + 9*l + 45 = 0. Let c be x(l). Let o(u) = -11*u - 1. What is o(c)?
10
Suppose -f + 16 = f. Let j = f - 6. Let o(q) = j*q**2 - q**2 + 6*q + 0 - 1. Calculate o(-5).
-6
Let s(n) be the first derivative of -n**2/2 - n - 3. Give s(1).
-2
Suppose -4*x + 11 = -5. Let z = -4 - -6. Let q(s) = -5*s + 7*s - s**2 - 5 + z*s. Determine q(x).
-5
Suppose 5 + 2 = -2*r + 5*w, 8 = 5*r - 4*w. Let l(y) = -3*y**2 + 3*y - 1. Let m(b) = -b**2 + b. Let k(z) = r*m(z) - l(z). What is k(2)?
-1
Let g(s) = 11*s + 17. Let c(r) = -5*r - 8. Let d(j) = -13*c(j) - 6*g(j). What is d(5)?
-3
Suppose 18 = 4*z + 2. Let f(u) = 3*u**2 - z*u**2 + u - 1 + 2*u**2. Give f(-1).
-1
Let z(l) be the second derivative of 5*l**3/6 + l**2/2 + l. Suppose 3*q - q + 10 = 0. Let w(b) = -9*b - 2. Let h(p) = q*z(p) - 3*w(p). Determine h(4).
9
Let j(y) = 2*y. Let i(f) = -2*f. Let s(o) = 5*i(o) + 6*j(o). Let h = 2 + 1. Suppose h*m + 10 = -c, 4 = -4*c + 5*m - 2. Calculate s(c).
-8
Let n(m) = 2*m**2 + 6*m. Let q(u) = u**2 + 6*u - 1. Let h be (-4)/(-10) - 24/(-15). Suppose -2*x = 7 - 1. Let t(s) = h*n(s) + x*q(s). Calculate t(4).
-5
Let z(s) be the first derivative of 3*s**2/2 - 2*s + 11. Suppose 4*o - o - 3*b - 3 = 0, 5*b = -o + 13. Calculate z(o).
7
Let d(z) be the first derivative of z**2 - 2*z + 2/3*z**3 - 1/2*z**4 - 6. Determine d(2).
-6
Let r(b) be the second derivative of b**4/12 + b**3/2 + b**2/2 + 5*b. What is r(-2)?
-1
Let m(a) be the first derivative of 1/24*a**4 - 3/2*a**2 - 1 + 7/6*a**3 + 0*a. Let y(u) be the second derivative of m(u). Calculate y(-5).
2
Let j(f) = -6*f - 1. Let u = -5 + 7. Let y(l) = 8*l**2 - 2*l - 2. Let g be y(u). Suppose m - 2*b + 6*b + 19 = 0, -5*b - g = -m. What is j(m)?
-7
Let p(j) = -9*j + 18. Let n(w) = 3*w - 6. Let z(r) = -7*n(r) - 2*p(r). Let y be 30/12*2 - 0. Determine z(y).
-9
Let w(h) = -6*h**3 - 45*h**2 + 46*h + 46. Let t(y) = y**3 + 9*y**2 - 9*y - 9. Let i(l) = 11*t(l) + 2*w(l). Give i(8).
1
Let r(a) = a**3 + 6*a**2 + 4*a - 2. Let b = -11 - -6. What is r(b)?
3
Suppose -m + 3 - 8 = 0, -5*m - 37 = -4*d. Let w(o) = -o**3 + 5*o**2 - 4*o + 2. Determine w(d).
8
Suppose 0 = -4*o + 5 + 7. Suppose 1 + o = 2*r. Let h(y) = -y**3 - 3*y**2 + 4*y**2 - 1 + 1366*y - 1363*y. Calculate h(r).
1
Let k(c) be the third derivative of -c**6/40 - c**5/60 + c**4/12 - c**3/6 - 8*c**2. Give k(1).
-3
Let r(p) = -p**3 - 4*p**2 + 2*p + 6. Let a be r(-4). Let w(l) = 5*l**2 + 5*l + 2. Let k(x) = -4*x**2 - 4*x - 2. Let u(g) = 6*k(g) + 5*w(g). What is u(a)?
0
Let j be (1/2)/(2/12). Suppose 4*d + j = m, -5*d = m + 2 + 4. Let o(i) = 4*i**2 - i. Calculate o(d).
5
Let k(t) = -t**3 - 4*t**2 + 2*t. Suppose 4 = -2*h + h. Calculate k(h).
-8
Let b(k) = k**3 + 5*k**2 + k - 3. Suppose -10 = -q + 3*q. What is b(q)?
-8
Let x(b) = 3*b + 7. Let o(d) = d + 4. Let i = -1 - 3. Let k(y) = i*x(y) + 7*o(y). Determine k(1).
-5
Let y(t) = 7*t + 1. Let v = -7 + 9. Suppose -v*o = 3*k - 4*k - 3, -3*o - 28 = 5*k. What is y(o)?
-6
Let s(l) = 0*l**2 - 3*l - l**2 + 0*l**2 + 2. Let i = 1 + -3. Determine s(i).
4
Let s be 2 + -4 - (0 + -1). Let m be -3 - (s - (-2 + 1)). Let u(v) = -37 + 15 + 15 + v + v**3 + 11 + 3*v**2. Determine u(m).
1
Let b(a) = 3*a + 0*a**2 - a**3 + 2*a**3 + 5 - 6*a**2. Let t(d) = 2*d**2 - d - 5. Let i be t(-2). Calculate b(i).
-5
Let m be 6/((-6)/(3 + -6)). Let k(n) = 6*n + m + 0*n + 0 - n**2 - 4*n. Let a = 0 - -3. Give k(a).
0
Let q be (-45)/(-6)*8/12. Let i(v) = 0 + v + q - 2*v + v**2. Suppose -5*n + 10 = 0, 2*p - 4*n = -3*p - 8. Determine i(p).
5
Let l be 0*((-2)/4)/(-1). Let c = 2 + l. Let g(o) = o**3 - 1. Determine g(c).
7
Let r = -4 + 1. Let s(v) = -v - 5. Let b be s(-6). Let y(p) = -2 + b + p - 3*p. Give y(r).
5
Let g(b) be the first derivative of 4*b**3 + b**2/2 + b - 2. Let p 